3 - (-1 + s)/(-1).
2, 3
Suppose -5*d + 64 = 2*s, 2*s = -2*d + 12 + 10. List the prime factors of d.
2, 7
Suppose y + 24 = p, 0 = y - 4*y + 5*p - 64. Let k = y + 45. List the prime factors of k.
17
Suppose -6*w + 680 = -w. List the prime factors of w.
2, 17
Suppose 13 = 5*j + 3. Suppose j*q - 17 = 7. What are the prime factors of q?
2, 3
Suppose i - 42 = -4*k, -3*k = i - 32 - 8. Suppose g + 2*g + 41 = -4*b, -b + 4*g = i. List the prime factors of 6/(b/(-8) - 1).
2
Let l = 6 + -3. Suppose -50 = -8*h + l*h. Suppose -y = -t + h, 2*y - y + 19 = 2*t. What are the prime factors of t?
3
Let g(d) = -4*d**2 + 3*d + 1. Let u be g(3). Suppose -2*c + 22 + 62 = -4*i, -i = 3*c - 112. Let s = c + u. What are the prime factors of s?
2, 3
Suppose j = -j + 10. Let f(b) = 4 + 3*b - 2*b - 2 + 2. What are the prime factors of f(j)?
3
Let n = -3 + 4. Let p(a) = -3*a. Let j be p(n). List the prime factors of j/(6/10)*-2.
2, 5
What are the prime factors of ((-99)/(-12))/((-2)/(-8))?
3, 11
Let q be -1*2/(-4)*-2. List the prime factors of -2*q/(2/4).
2
What are the prime factors of (102/119)/(2/56)?
2, 3
Let r(x) = -33*x**3 + x + 1. Let n be r(-1). Let g = -21 + n. What are the prime factors of g?
2, 3
Suppose 7*c + 264 - 768 = 0. What are the prime factors of c?
2, 3
List the prime factors of 30/(-10)*(-9 - 1).
2, 3, 5
Let i(v) = -6*v + 46. List the prime factors of i(-5).
2, 19
Let a = -44 - -95. List the prime factors of a.
3, 17
Let f(r) = r**2 + 11*r - 18. List the prime factors of f(-13).
2
Let m be (-5)/(-2)*16/10. Suppose 2*c = -m*y - 2*c - 4, -c = 3*y - 5. Suppose 0 = -4*j - 2*p - 8 + 82, -3*j + 78 = -y*p. What are the prime factors of j?
3, 7
Let s(p) = 8*p - 14. Let v be s(4). Let f(a) = a + 8. Let d be f(-6). Suppose d*z = v - 4. What are the prime factors of z?
7
Let x(j) = 2*j + 3. Let s(n) = n + 4. Let o(q) = -4*s(q) + 5*x(q). What are the prime factors of o(3)?
17
Suppose 4*t + 8 = 0, 4*t = -4*v + 3*v + 2. List the prime factors of v.
2, 5
Let t(p) = -p**3 - p**2. Let k be t(-2). Suppose s - 152 = -3*m, k*m + m = 3*s + 272. What are the prime factors of m?
2, 13
Let l = -6 + 8. Let j = 40 + l. Let x = -30 + j. What are the prime factors of x?
2, 3
Suppose 0 = 4*w + 4, 3*z - w + 21 = 217. List the prime factors of z.
5, 13
Let o = -1 + 0. What are the prime factors of o*(-3 + 2*-1)?
5
Suppose 3*u = 5*b + 385, 3*u - 3*b - 506 = -u. List the prime factors of u.
5
Let u = 23 - 8. Suppose 5*x = 3*l - 45, -x - 30 - u = -3*l. List the prime factors of l.
3, 5
Let j(p) = -p + 7. List the prime factors of j(0).
7
Let h(k) = -6*k**3 + k + 1. Let p be h(-1). What are the prime factors of (-4)/p*(3 + -12)?
2, 3
Let x = 94 - 82. What are the prime factors of x?
2, 3
Let n = 12 + -9. Suppose -2*q = o - 84, -4*q + 166 = -2*o + n*o. What are the prime factors of q?
41
Let k be ((-5)/15)/(1/(-15)). Suppose -k*s + 6 - 20 = 3*w, 0 = -w + 5*s + 22. List the prime factors of w.
2
Let f be 1 - 7*(2 - 1). Let g(a) = 0*a - 69 + 73 - a. List the prime factors of g(f).
2, 5
Suppose -5*n + o + 461 = -994, 0 = 2*n - 3*o - 595. What are the prime factors of n?
2, 5, 29
Let q(z) = -5*z**2 + 1. Let a be q(-1). Let h = 1 - a. What are the prime factors of h?
5
Let o(p) be the third derivative of -p**4/6 - 2*p**2. Let v be o(-1). List the prime factors of v/(-6)*-3*1.
2
Let b(x) = -51*x**2 + 2*x - 3. Let n be b(-3). Let w be n/(-8) - 3/(-2). Suppose 0 = -0*p + 5*p - w. What are the prime factors of p?
2, 3
Let h = -3 + -1. Let z(k) = k**3 + 4*k**2 - 2*k + 5. List the prime factors of z(h).
13
Let q(b) = 4*b**2 - b. Let l be q(-1). Suppose 4*o + w - 97 = 0, 3*o - l*w = 29 + 38. List the prime factors of o.
2, 3
Let z = 43 + -9. List the prime factors of z.
2, 17
Suppose 4*p + 4*i - i = 1281, -p + 4*i + 325 = 0. List the prime factors of p.
3, 107
Suppose -4*f - 11 - 9 = 0. Let y = f + 16. List the prime factors of y.
11
Let k(a) = 6*a + 3. Let y be k(-2). Let d = y - -17. What are the prime factors of d?
2
What are the prime factors of (1 + 2)*1 - -35?
2, 19
Let j be (-44)/(-12) - 2/3. Suppose -6*q + 15 = -j*q. Suppose 55 = q*b + 4*g, 2*g = 3*b - 2*g - 33. What are the prime factors of b?
11
Let t be 1 + (-2 + 6 - 2). Let b(a) = -a**2 - 11*a - 9. Let w be b(-8). What are the prime factors of -2*(-1)/t*w?
2, 5
Suppose -14*r + 16*r - 16 = 0. Suppose -4*a - 4*o = 28, 23 = -7*a + 2*a + o. Let l = a + r. List the prime factors of l.
3
Suppose 2*d - 6 = 20. What are the prime factors of d?
13
Let z be 1 - (264/(-3))/2. Suppose 0 = -6*s + 9*s - z. List the prime factors of s.
3, 5
Let b be (5/(-1))/(4/(-24)). Suppose 0*d - b = -2*d - f, -5*d - f = -69. Let i = d + -8. List the prime factors of i.
5
Let x(j) = j**3 + 5*j**2 - j - 1. Let m be x(-5). Let u be (-3 + -2)/((-2)/m). What are the prime factors of ((-14)/u)/((-5)/25)?
7
Let l(j) = 6*j**2 + j**3 + 1 + 1 - 3 + 3. Let n be l(-6). Suppose -n - 7 = -3*x. List the prime factors of x.
3
Let a be 2 - (-2 + 0/(-2)). Let c = -4 + 18. Let r = c - a. List the prime factors of r.
2, 5
Suppose 3*m - 11 = 217. What are the prime factors of m?
2, 19
Suppose -314 = -2*g - 72. List the prime factors of g.
11
Suppose 0 = -5*q + q + 20. Suppose q = 4*w + w. List the prime factors of 6/(-15)*w*-5.
2
Suppose 7 = -2*p + 2*j - 39, -4*p = -j + 98. Let i(n) = -5*n + 5. Let l be i(4). Let k = l - p. What are the prime factors of k?
2, 5
Let b(n) = 4*n + 5. Suppose -2*a = -5*r - 1, -3*a + 5 = -7*r + 3*r. Let z(u) = -u. Let c(l) = a*z(l) + b(l). List the prime factors of c(5).
2, 5
Let q = -7 + 10. Suppose q*o = o + 6. Suppose -4*n = -2*r + 26, -o*n - 19 = -r + 2*n. What are the prime factors of r?
3
Suppose 0 = 5*b + 92 - 12. Let x = 23 + b. What are the prime factors of x?
7
Let v(o) = o + 6. Let y be v(-5). Suppose -2*l - 2*f + 4 = 0, 2*l = f - 5*f - 6. Suppose l = j - y. What are the prime factors of j?
2
Suppose 4*g + 2 = 3*d, 0*g + 5*g + 6 = 2*d. Let o = 2 - d. What are the prime factors of o/10 + (-46)/(-10)?
5
List the prime factors of (-91)/(-39) + (-4)/(-6).
3
Suppose 4*c + 4 = 0, -5*o + 7 = -8*o + 5*c. Let p(q) = 2*q**2 + 3*q + 4. What are the prime factors of p(o)?
2, 3
Suppose -x - 6 = -26. Let p = 32 - x. Suppose -2*h + h = a - 2, 4*a = -3*h + p. List the prime factors of a.
2, 3
Let c be (22 - -3) + (0 - -1). Suppose -i = -2*i + 2*v + 11, -i - v = -c. List the prime factors of i.
3, 7
Let d(r) = -r**3 - 4*r**2 + r - 2. Let u be d(-6). Let w = -43 + u. Suppose -o = 2*p - 21, 0*p - p + w = -3*o. List the prime factors of p.
2, 3
Let p(y) = -5*y**2 - 2*y + 8. Let h(q) = -q**2 + q + 1. Let i(o) = 6*h(o) - p(o). List the prime factors of i(5).
13
Suppose -9 = -4*t + 2*t - z, 2*t + 5*z - 5 = 0. Suppose t*m = k + m - 19, -2*m - 5 = k. What are the prime factors of k?
3
Let p(n) = -6*n - 1. Let m be p(-1). Suppose 16 = m*c - 4*x, -2*c + 10 = -x + 3*x. What are the prime factors of c/8 + 13/2?
7
Let d(r) = r**3 - 2*r + 4. List the prime factors of d(3).
5
Let v be (-550)/(-15) + 2/(-3). Suppose 7*d - 4*d = v. List the prime factors of d.
2, 3
Let x be (-2)/(-6) + 53/3. Suppose 3*p - 5*k + 36 + 15 = 0, -9 = -3*k. Let g = p + x. What are the prime factors of g?
2, 3
Let m = -4 + 5. Suppose -m + 13 = 3*i. Suppose i*j = 2*j + 24. What are the prime factors of j?
2, 3
Let c(i) = i**3 - 6*i**2 + 2. Let u be c(6). Suppose -20 = 2*l + u*l. List the prime factors of ((-1)/2)/(l/110).
11
Suppose 87 = k + 5. What are the prime factors of k?
2, 41
Let k(a) = -a**3 - 4*a**2 - 3*a + 2. Let g = -5 + 14. Suppose -w = 5*r - 4*w + g, 2*w = 4*r + 8. List the prime factors of k(r).
2
Suppose 0 = 4*g - 386 - 126. What are the prime factors of g?
2
What are the prime factors of ((-8)/(-48))/((-1)/(-1662))?
277
Let z(p) be the second derivative of p**4/12 + 7*p**3/6 + 3*p**2 + p. What are the prime factors of z(-8)?
2, 7
Let o = 6 - 2. Suppose b = o*b - 96. Suppose 2*k - 36 = -k - 5*q, -b = -k + 5*q. List the prime factors of k.
17
Let w(h) be the first derivative of -h**2 - 6*h - 2. Let v be w(-5). Suppose 73 = 3*t - v*d - d, 43 = 3*t + d. List the prime factors of t.
2
Let x = -2 + -2. Let w = x + 17. List the prime factors of w.
13
Let j(n) = n**2 - 12*n - 9. Suppose -z = -5*z + 52. List the prime factors of j(z).
2
What are the prime factors of 240 + 7 - (0 + 0)?
13, 19
Le